{"id":3877,"date":"2021-01-21T23:23:36","date_gmt":"2021-01-21T23:23:36","guid":{"rendered":"https:\/\/triangulorequintado.com\/?post_type=product&#038;p=3877"},"modified":"2021-01-21T23:23:36","modified_gmt":"2021-01-21T23:23:36","slug":"saco-vinho-papel-kraft","status":"publish","type":"product","link":"https:\/\/hiperfilme.com\/Site-TR\/catalogo-brindes\/mochilas-sacos-bolsas\/sacos\/saco-vinho-papel-kraft\/","title":{"rendered":"Saco de papel kraft para Vinho personaliz\u00e1vel"},"content":{"rendered":"<ul>\n<li>Saco em papel kraft 120g\/m2<\/li>\n<li>Medidas: 15 x 39 x 8 cm<\/li>\n<\/ul>\n<div class=\"col-xs-12 col-sm-12 col-md-12 col-lg-12\">\n<div class=\"winsig_product_detail_info_tabs\">\n<div class=\"winsig_reponsive_tabs\">\n<div class=\"tab-content tabs_responsive hidden-xs hidden-sm\">\n<div id=\"product_description\" class=\"tab-pane fade active in\">\n<div class=\"\">\n<div class=\"winsig_product_detail_description\">\n<div class=\"caption\"><\/div>\n<\/div>\n<\/div>\n<\/div>\n<\/div>\n<\/div>\n<\/div>\n<\/div>\n<div class=\"col-xs-12 col-sm-12 col-md-12 col-lg-12\">\n<div class=\"winsig_buy_multiple_products\"><\/div>\n<\/div>\n","protected":false},"excerpt":{"rendered":"<p>Saco em papel kraft a pensar em si e no ambiente. Opte pelo papel, personalize e olhe pelo Planeta e por todos n\u00f3s!<\/p>\n<p>Valor apresentado para o Brinde n\u00e3o personalizado. Contacte-nos para or\u00e7amentos de personaliza\u00e7\u00e3o e vantagens na compra de grandes quantidades.<\/p>\n","protected":false},"featured_media":3882,"template":"","meta":[],"product_cat":[180,182],"product_tag":[225],"yoast_head":"<!-- This site is optimized with the Yoast SEO plugin v17.8 - https:\/\/yoast.com\/wordpress\/plugins\/seo\/ -->\n<title>Saco em Papel kraft de vinho | Brindes Publicit\u00e1rios Online<\/title>\n<meta name=\"description\" content=\"Saco em papel kraft a pensar em si e no ambiente. Opte pelo papel, personalize e olhe pelo Planeta e por todos n\u00f3s!\" \/>\n<meta name=\"robots\" content=\"index, follow, max-snippet:-1, max-image-preview:large, max-video-preview:-1\" \/>\n<link rel=\"canonical\" href=\"https:\/\/hiperfilme.com\/Site-TR\/catalogo-brindes\/mochilas-sacos-bolsas\/sacos\/saco-vinho-papel-kraft\/\" \/>\n<meta property=\"og:locale\" content=\"pt_PT\" \/>\n<meta property=\"og:type\" content=\"article\" \/>\n<meta property=\"og:title\" content=\"Saco em Papel kraft de vinho | Brindes Publicit\u00e1rios Online\" \/>\n<meta property=\"og:description\" content=\"Saco em papel kraft a pensar em si e no ambiente. Opte pelo papel, personalize e olhe pelo Planeta e por todos n\u00f3s!\" \/>\n<meta property=\"og:url\" content=\"https:\/\/hiperfilme.com\/Site-TR\/catalogo-brindes\/mochilas-sacos-bolsas\/sacos\/saco-vinho-papel-kraft\/\" \/>\n<meta property=\"og:site_name\" content=\"Hiperfilme_TR\" \/>\n<meta property=\"og:image\" content=\"https:\/\/hiperfilme.com\/Site-TR\/wp-content\/uploads\/2021\/01\/312000TR-saco-kraft-vinho-1.jpg\" \/>\n\t<meta property=\"og:image:width\" content=\"600\" \/>\n\t<meta property=\"og:image:height\" content=\"600\" \/>\n<meta name=\"twitter:card\" content=\"summary_large_image\" \/>\n<script type=\"application\/ld+json\" class=\"yoast-schema-graph\">{\"@context\":\"https:\/\/schema.org\",\"@graph\":[{\"@type\":\"Organization\",\"@id\":\"https:\/\/hiperfilme.com\/Site-TR\/#organization\",\"name\":\"Triangulo Requintado\",\"url\":\"https:\/\/hiperfilme.com\/Site-TR\/\",\"sameAs\":[],\"logo\":{\"@type\":\"ImageObject\",\"@id\":\"https:\/\/hiperfilme.com\/Site-TR\/#logo\",\"inLanguage\":\"pt-PT\",\"url\":\"https:\/\/triangulorequintado.com\/wp-content\/uploads\/2020\/10\/logo-triangulo-requintado-color-248.png\",\"contentUrl\":\"https:\/\/triangulorequintado.com\/wp-content\/uploads\/2020\/10\/logo-triangulo-requintado-color-248.png\",\"width\":248,\"height\":96,\"caption\":\"Triangulo Requintado\"},\"image\":{\"@id\":\"https:\/\/hiperfilme.com\/Site-TR\/#logo\"}},{\"@type\":\"WebSite\",\"@id\":\"https:\/\/hiperfilme.com\/Site-TR\/#website\",\"url\":\"https:\/\/hiperfilme.com\/Site-TR\/\",\"name\":\"Triangulo Requintado\",\"description\":\"Estampagens e Brindes\",\"publisher\":{\"@id\":\"https:\/\/hiperfilme.com\/Site-TR\/#organization\"},\"potentialAction\":[{\"@type\":\"SearchAction\",\"target\":{\"@type\":\"EntryPoint\",\"urlTemplate\":\"https:\/\/hiperfilme.com\/Site-TR\/?s={search_term_string}\"},\"query-input\":\"required name=search_term_string\"}],\"inLanguage\":\"pt-PT\"},{\"@type\":\"ImageObject\",\"@id\":\"https:\/\/hiperfilme.com\/Site-TR\/catalogo-brindes\/mochilas-sacos-bolsas\/sacos\/saco-vinho-papel-kraft\/#primaryimage\",\"inLanguage\":\"pt-PT\",\"url\":\"https:\/\/hiperfilme.com\/Site-TR\/wp-content\/uploads\/2021\/01\/312000TR-saco-kraft-vinho-1.jpg\",\"contentUrl\":\"https:\/\/hiperfilme.com\/Site-TR\/wp-content\/uploads\/2021\/01\/312000TR-saco-kraft-vinho-1.jpg\",\"width\":600,\"height\":600},{\"@type\":\"WebPage\",\"@id\":\"https:\/\/hiperfilme.com\/Site-TR\/catalogo-brindes\/mochilas-sacos-bolsas\/sacos\/saco-vinho-papel-kraft\/#webpage\",\"url\":\"https:\/\/hiperfilme.com\/Site-TR\/catalogo-brindes\/mochilas-sacos-bolsas\/sacos\/saco-vinho-papel-kraft\/\",\"name\":\"Saco em Papel kraft de vinho | Brindes Publicit\\u00e1rios Online\",\"isPartOf\":{\"@id\":\"https:\/\/hiperfilme.com\/Site-TR\/#website\"},\"primaryImageOfPage\":{\"@id\":\"https:\/\/hiperfilme.com\/Site-TR\/catalogo-brindes\/mochilas-sacos-bolsas\/sacos\/saco-vinho-papel-kraft\/#primaryimage\"},\"datePublished\":\"2021-01-21T23:23:36+00:00\",\"dateModified\":\"2021-01-21T23:23:36+00:00\",\"description\":\"Saco em papel kraft a pensar em si e no ambiente. Opte pelo papel, personalize e olhe pelo Planeta e por todos n\\u00f3s!\",\"breadcrumb\":{\"@id\":\"https:\/\/hiperfilme.com\/Site-TR\/catalogo-brindes\/mochilas-sacos-bolsas\/sacos\/saco-vinho-papel-kraft\/#breadcrumb\"},\"inLanguage\":\"pt-PT\",\"potentialAction\":[{\"@type\":\"ReadAction\",\"target\":[\"https:\/\/hiperfilme.com\/Site-TR\/catalogo-brindes\/mochilas-sacos-bolsas\/sacos\/saco-vinho-papel-kraft\/\"]}]},{\"@type\":\"BreadcrumbList\",\"@id\":\"https:\/\/hiperfilme.com\/Site-TR\/catalogo-brindes\/mochilas-sacos-bolsas\/sacos\/saco-vinho-papel-kraft\/#breadcrumb\",\"itemListElement\":[{\"@type\":\"ListItem\",\"position\":1,\"name\":\"In\\u00edcio\",\"item\":\"https:\/\/hiperfilme.com\/Site-TR\/\"},{\"@type\":\"ListItem\",\"position\":2,\"name\":\"Cat\\u00e1logo de Brindes\",\"item\":\"https:\/\/hiperfilme.com\/Site-TR\/catalogo-brindes\/\"},{\"@type\":\"ListItem\",\"position\":3,\"name\":\"Saco de papel kraft para Vinho personaliz\\u00e1vel\"}]}]}<\/script>\n<!-- \/ Yoast SEO plugin. -->","yoast_head_json":{"title":"Saco em Papel kraft de vinho | Brindes Publicit\u00e1rios Online","description":"Saco em papel kraft a pensar em si e no ambiente. Opte pelo papel, personalize e olhe pelo Planeta e por todos n\u00f3s!","robots":{"index":"index","follow":"follow","max-snippet":"max-snippet:-1","max-image-preview":"max-image-preview:large","max-video-preview":"max-video-preview:-1"},"canonical":"https:\/\/hiperfilme.com\/Site-TR\/catalogo-brindes\/mochilas-sacos-bolsas\/sacos\/saco-vinho-papel-kraft\/","og_locale":"pt_PT","og_type":"article","og_title":"Saco em Papel kraft de vinho | Brindes Publicit\u00e1rios Online","og_description":"Saco em papel kraft a pensar em si e no ambiente. Opte pelo papel, personalize e olhe pelo Planeta e por todos n\u00f3s!","og_url":"https:\/\/hiperfilme.com\/Site-TR\/catalogo-brindes\/mochilas-sacos-bolsas\/sacos\/saco-vinho-papel-kraft\/","og_site_name":"Hiperfilme_TR","og_image":[{"width":600,"height":600,"url":"https:\/\/hiperfilme.com\/Site-TR\/wp-content\/uploads\/2021\/01\/312000TR-saco-kraft-vinho-1.jpg","type":"image\/jpeg"}],"twitter_card":"summary_large_image","schema":{"@context":"https:\/\/schema.org","@graph":[{"@type":"Organization","@id":"https:\/\/hiperfilme.com\/Site-TR\/#organization","name":"Triangulo Requintado","url":"https:\/\/hiperfilme.com\/Site-TR\/","sameAs":[],"logo":{"@type":"ImageObject","@id":"https:\/\/hiperfilme.com\/Site-TR\/#logo","inLanguage":"pt-PT","url":"https:\/\/triangulorequintado.com\/wp-content\/uploads\/2020\/10\/logo-triangulo-requintado-color-248.png","contentUrl":"https:\/\/triangulorequintado.com\/wp-content\/uploads\/2020\/10\/logo-triangulo-requintado-color-248.png","width":248,"height":96,"caption":"Triangulo Requintado"},"image":{"@id":"https:\/\/hiperfilme.com\/Site-TR\/#logo"}},{"@type":"WebSite","@id":"https:\/\/hiperfilme.com\/Site-TR\/#website","url":"https:\/\/hiperfilme.com\/Site-TR\/","name":"Triangulo Requintado","description":"Estampagens e Brindes","publisher":{"@id":"https:\/\/hiperfilme.com\/Site-TR\/#organization"},"potentialAction":[{"@type":"SearchAction","target":{"@type":"EntryPoint","urlTemplate":"https:\/\/hiperfilme.com\/Site-TR\/?s={search_term_string}"},"query-input":"required name=search_term_string"}],"inLanguage":"pt-PT"},{"@type":"ImageObject","@id":"https:\/\/hiperfilme.com\/Site-TR\/catalogo-brindes\/mochilas-sacos-bolsas\/sacos\/saco-vinho-papel-kraft\/#primaryimage","inLanguage":"pt-PT","url":"https:\/\/hiperfilme.com\/Site-TR\/wp-content\/uploads\/2021\/01\/312000TR-saco-kraft-vinho-1.jpg","contentUrl":"https:\/\/hiperfilme.com\/Site-TR\/wp-content\/uploads\/2021\/01\/312000TR-saco-kraft-vinho-1.jpg","width":600,"height":600},{"@type":"WebPage","@id":"https:\/\/hiperfilme.com\/Site-TR\/catalogo-brindes\/mochilas-sacos-bolsas\/sacos\/saco-vinho-papel-kraft\/#webpage","url":"https:\/\/hiperfilme.com\/Site-TR\/catalogo-brindes\/mochilas-sacos-bolsas\/sacos\/saco-vinho-papel-kraft\/","name":"Saco em Papel kraft de vinho | Brindes Publicit\u00e1rios Online","isPartOf":{"@id":"https:\/\/hiperfilme.com\/Site-TR\/#website"},"primaryImageOfPage":{"@id":"https:\/\/hiperfilme.com\/Site-TR\/catalogo-brindes\/mochilas-sacos-bolsas\/sacos\/saco-vinho-papel-kraft\/#primaryimage"},"datePublished":"2021-01-21T23:23:36+00:00","dateModified":"2021-01-21T23:23:36+00:00","description":"Saco em papel kraft a pensar em si e no ambiente. Opte pelo papel, personalize e olhe pelo Planeta e por todos n\u00f3s!","breadcrumb":{"@id":"https:\/\/hiperfilme.com\/Site-TR\/catalogo-brindes\/mochilas-sacos-bolsas\/sacos\/saco-vinho-papel-kraft\/#breadcrumb"},"inLanguage":"pt-PT","potentialAction":[{"@type":"ReadAction","target":["https:\/\/hiperfilme.com\/Site-TR\/catalogo-brindes\/mochilas-sacos-bolsas\/sacos\/saco-vinho-papel-kraft\/"]}]},{"@type":"BreadcrumbList","@id":"https:\/\/hiperfilme.com\/Site-TR\/catalogo-brindes\/mochilas-sacos-bolsas\/sacos\/saco-vinho-papel-kraft\/#breadcrumb","itemListElement":[{"@type":"ListItem","position":1,"name":"In\u00edcio","item":"https:\/\/hiperfilme.com\/Site-TR\/"},{"@type":"ListItem","position":2,"name":"Cat\u00e1logo de Brindes","item":"https:\/\/hiperfilme.com\/Site-TR\/catalogo-brindes\/"},{"@type":"ListItem","position":3,"name":"Saco de papel kraft para Vinho personaliz\u00e1vel"}]}]}},"_links":{"self":[{"href":"https:\/\/hiperfilme.com\/Site-TR\/wp-json\/wp\/v2\/product\/3877"}],"collection":[{"href":"https:\/\/hiperfilme.com\/Site-TR\/wp-json\/wp\/v2\/product"}],"about":[{"href":"https:\/\/hiperfilme.com\/Site-TR\/wp-json\/wp\/v2\/types\/product"}],"wp:featuredmedia":[{"embeddable":true,"href":"https:\/\/hiperfilme.com\/Site-TR\/wp-json\/wp\/v2\/media\/3882"}],"wp:attachment":[{"href":"https:\/\/hiperfilme.com\/Site-TR\/wp-json\/wp\/v2\/media?parent=3877"}],"wp:term":[{"taxonomy":"product_cat","embeddable":true,"href":"https:\/\/hiperfilme.com\/Site-TR\/wp-json\/wp\/v2\/product_cat?post=3877"},{"taxonomy":"product_tag","embeddable":true,"href":"https:\/\/hiperfilme.com\/Site-TR\/wp-json\/wp\/v2\/product_tag?post=3877"}],"curies":[{"name":"wp","href":"https:\/\/api.w.org\/{rel}","templated":true}]}}