{"id":3780,"date":"2021-01-18T15:07:37","date_gmt":"2021-01-18T15:07:37","guid":{"rendered":"https:\/\/triangulorequintado.com\/?post_type=product&#038;p=3780"},"modified":"2021-12-23T14:18:28","modified_gmt":"2021-12-23T14:18:28","slug":"caixa-comprimidos-trizone-personalizada","status":"publish","type":"product","link":"https:\/\/hiperfilme.com\/Site-TR\/catalogo-brindes\/viagem\/caixa-comprimidos-trizone-personalizada\/","title":{"rendered":"Caixa de Comprimidos Trizone para ser personalizada"},"content":{"rendered":"<ul>\n<li>Caixa em PP<\/li>\n<li>3 Compartimentos<\/li>\n<li>Tampa \u00danica<\/li>\n<\/ul>\n<p>&nbsp;<\/p>\n","protected":false},"excerpt":{"rendered":"<p>Caixa de Comprimidos Trizone , com 3 Compartimentos .Dispon\u00edveis em Azul , Vermelho e Branco .<\/p>\n<p>Medidas : 6 x 1.3 x 3.9 cm<\/p>\n<p>Peso : 6 GR<\/p>\n<p>&nbsp;<\/p>\n<p>Valor apresentado para o Brinde n\u00e3o personalizado. Contacte-nos para or\u00e7amentos de personaliza\u00e7\u00e3o e vantagens na compra de grandes quantidades.<\/p>\n","protected":false},"featured_media":3782,"template":"","meta":[],"product_cat":[216,186],"product_tag":[245],"yoast_head":"<!-- This site is optimized with the Yoast SEO plugin v17.8 - https:\/\/yoast.com\/wordpress\/plugins\/seo\/ -->\n<title>Caixa de Comprimidos Trizone para ser personalizada | Brindes online<\/title>\n<meta name=\"description\" content=\"Caixa de Comoprimidos 3 Conmpartimentos em PP .Facilita a toma di\u00e1ria da Medica\u00e7\u00e3o . Ideal para Personlizar .disponiv\u00e9l em 3 cores .\" \/>\n<meta name=\"robots\" content=\"index, follow, max-snippet:-1, max-image-preview:large, max-video-preview:-1\" \/>\n<link rel=\"canonical\" href=\"https:\/\/hiperfilme.com\/Site-TR\/catalogo-brindes\/viagem\/caixa-comprimidos-trizone-personalizada\/\" \/>\n<meta property=\"og:locale\" content=\"pt_PT\" \/>\n<meta property=\"og:type\" content=\"article\" \/>\n<meta property=\"og:title\" content=\"Caixa de Comprimidos Trizone para ser personalizada | Brindes online\" \/>\n<meta property=\"og:description\" content=\"Caixa de Comoprimidos 3 Conmpartimentos em PP .Facilita a toma di\u00e1ria da Medica\u00e7\u00e3o . Ideal para Personlizar .disponiv\u00e9l em 3 cores .\" \/>\n<meta property=\"og:url\" content=\"https:\/\/hiperfilme.com\/Site-TR\/catalogo-brindes\/viagem\/caixa-comprimidos-trizone-personalizada\/\" \/>\n<meta property=\"og:site_name\" content=\"Hiperfilme_TR\" \/>\n<meta property=\"article:modified_time\" content=\"2021-12-23T14:18:28+00:00\" \/>\n<meta property=\"og:image\" content=\"https:\/\/hiperfilme.com\/Site-TR\/wp-content\/uploads\/2021\/01\/3283TR-e1610982261687.jpg\" \/>\n\t<meta property=\"og:image:width\" content=\"600\" \/>\n\t<meta property=\"og:image:height\" content=\"600\" \/>\n<meta name=\"twitter:card\" content=\"summary_large_image\" \/>\n<script type=\"application\/ld+json\" class=\"yoast-schema-graph\">{\"@context\":\"https:\/\/schema.org\",\"@graph\":[{\"@type\":\"Organization\",\"@id\":\"https:\/\/hiperfilme.com\/Site-TR\/#organization\",\"name\":\"Triangulo Requintado\",\"url\":\"https:\/\/hiperfilme.com\/Site-TR\/\",\"sameAs\":[],\"logo\":{\"@type\":\"ImageObject\",\"@id\":\"https:\/\/hiperfilme.com\/Site-TR\/#logo\",\"inLanguage\":\"pt-PT\",\"url\":\"https:\/\/triangulorequintado.com\/wp-content\/uploads\/2020\/10\/logo-triangulo-requintado-color-248.png\",\"contentUrl\":\"https:\/\/triangulorequintado.com\/wp-content\/uploads\/2020\/10\/logo-triangulo-requintado-color-248.png\",\"width\":248,\"height\":96,\"caption\":\"Triangulo Requintado\"},\"image\":{\"@id\":\"https:\/\/hiperfilme.com\/Site-TR\/#logo\"}},{\"@type\":\"WebSite\",\"@id\":\"https:\/\/hiperfilme.com\/Site-TR\/#website\",\"url\":\"https:\/\/hiperfilme.com\/Site-TR\/\",\"name\":\"Triangulo Requintado\",\"description\":\"Estampagens e Brindes\",\"publisher\":{\"@id\":\"https:\/\/hiperfilme.com\/Site-TR\/#organization\"},\"potentialAction\":[{\"@type\":\"SearchAction\",\"target\":{\"@type\":\"EntryPoint\",\"urlTemplate\":\"https:\/\/hiperfilme.com\/Site-TR\/?s={search_term_string}\"},\"query-input\":\"required name=search_term_string\"}],\"inLanguage\":\"pt-PT\"},{\"@type\":\"ImageObject\",\"@id\":\"https:\/\/hiperfilme.com\/Site-TR\/catalogo-brindes\/viagem\/caixa-comprimidos-trizone-personalizada\/#primaryimage\",\"inLanguage\":\"pt-PT\",\"url\":\"https:\/\/hiperfilme.com\/Site-TR\/wp-content\/uploads\/2021\/01\/3283TR-e1610982261687.jpg\",\"contentUrl\":\"https:\/\/hiperfilme.com\/Site-TR\/wp-content\/uploads\/2021\/01\/3283TR-e1610982261687.jpg\",\"width\":600,\"height\":600},{\"@type\":\"WebPage\",\"@id\":\"https:\/\/hiperfilme.com\/Site-TR\/catalogo-brindes\/viagem\/caixa-comprimidos-trizone-personalizada\/#webpage\",\"url\":\"https:\/\/hiperfilme.com\/Site-TR\/catalogo-brindes\/viagem\/caixa-comprimidos-trizone-personalizada\/\",\"name\":\"Caixa de Comprimidos Trizone para ser personalizada | Brindes online\",\"isPartOf\":{\"@id\":\"https:\/\/hiperfilme.com\/Site-TR\/#website\"},\"primaryImageOfPage\":{\"@id\":\"https:\/\/hiperfilme.com\/Site-TR\/catalogo-brindes\/viagem\/caixa-comprimidos-trizone-personalizada\/#primaryimage\"},\"datePublished\":\"2021-01-18T15:07:37+00:00\",\"dateModified\":\"2021-12-23T14:18:28+00:00\",\"description\":\"Caixa de Comoprimidos 3 Conmpartimentos em PP .Facilita a toma di\\u00e1ria da Medica\\u00e7\\u00e3o . Ideal para Personlizar .disponiv\\u00e9l em 3 cores .\",\"breadcrumb\":{\"@id\":\"https:\/\/hiperfilme.com\/Site-TR\/catalogo-brindes\/viagem\/caixa-comprimidos-trizone-personalizada\/#breadcrumb\"},\"inLanguage\":\"pt-PT\",\"potentialAction\":[{\"@type\":\"ReadAction\",\"target\":[\"https:\/\/hiperfilme.com\/Site-TR\/catalogo-brindes\/viagem\/caixa-comprimidos-trizone-personalizada\/\"]}]},{\"@type\":\"BreadcrumbList\",\"@id\":\"https:\/\/hiperfilme.com\/Site-TR\/catalogo-brindes\/viagem\/caixa-comprimidos-trizone-personalizada\/#breadcrumb\",\"itemListElement\":[{\"@type\":\"ListItem\",\"position\":1,\"name\":\"In\\u00edcio\",\"item\":\"https:\/\/hiperfilme.com\/Site-TR\/\"},{\"@type\":\"ListItem\",\"position\":2,\"name\":\"Cat\\u00e1logo de Brindes\",\"item\":\"https:\/\/hiperfilme.com\/Site-TR\/catalogo-brindes\/\"},{\"@type\":\"ListItem\",\"position\":3,\"name\":\"Caixa de Comprimidos Trizone para ser personalizada\"}]}]}<\/script>\n<!-- \/ Yoast SEO plugin. -->","yoast_head_json":{"title":"Caixa de Comprimidos Trizone para ser personalizada | Brindes online","description":"Caixa de Comoprimidos 3 Conmpartimentos em PP .Facilita a toma di\u00e1ria da Medica\u00e7\u00e3o . Ideal para Personlizar .disponiv\u00e9l em 3 cores .","robots":{"index":"index","follow":"follow","max-snippet":"max-snippet:-1","max-image-preview":"max-image-preview:large","max-video-preview":"max-video-preview:-1"},"canonical":"https:\/\/hiperfilme.com\/Site-TR\/catalogo-brindes\/viagem\/caixa-comprimidos-trizone-personalizada\/","og_locale":"pt_PT","og_type":"article","og_title":"Caixa de Comprimidos Trizone para ser personalizada | Brindes online","og_description":"Caixa de Comoprimidos 3 Conmpartimentos em PP .Facilita a toma di\u00e1ria da Medica\u00e7\u00e3o . Ideal para Personlizar .disponiv\u00e9l em 3 cores .","og_url":"https:\/\/hiperfilme.com\/Site-TR\/catalogo-brindes\/viagem\/caixa-comprimidos-trizone-personalizada\/","og_site_name":"Hiperfilme_TR","article_modified_time":"2021-12-23T14:18:28+00:00","og_image":[{"width":600,"height":600,"url":"https:\/\/hiperfilme.com\/Site-TR\/wp-content\/uploads\/2021\/01\/3283TR-e1610982261687.jpg","type":"image\/jpeg"}],"twitter_card":"summary_large_image","schema":{"@context":"https:\/\/schema.org","@graph":[{"@type":"Organization","@id":"https:\/\/hiperfilme.com\/Site-TR\/#organization","name":"Triangulo Requintado","url":"https:\/\/hiperfilme.com\/Site-TR\/","sameAs":[],"logo":{"@type":"ImageObject","@id":"https:\/\/hiperfilme.com\/Site-TR\/#logo","inLanguage":"pt-PT","url":"https:\/\/triangulorequintado.com\/wp-content\/uploads\/2020\/10\/logo-triangulo-requintado-color-248.png","contentUrl":"https:\/\/triangulorequintado.com\/wp-content\/uploads\/2020\/10\/logo-triangulo-requintado-color-248.png","width":248,"height":96,"caption":"Triangulo Requintado"},"image":{"@id":"https:\/\/hiperfilme.com\/Site-TR\/#logo"}},{"@type":"WebSite","@id":"https:\/\/hiperfilme.com\/Site-TR\/#website","url":"https:\/\/hiperfilme.com\/Site-TR\/","name":"Triangulo Requintado","description":"Estampagens e Brindes","publisher":{"@id":"https:\/\/hiperfilme.com\/Site-TR\/#organization"},"potentialAction":[{"@type":"SearchAction","target":{"@type":"EntryPoint","urlTemplate":"https:\/\/hiperfilme.com\/Site-TR\/?s={search_term_string}"},"query-input":"required name=search_term_string"}],"inLanguage":"pt-PT"},{"@type":"ImageObject","@id":"https:\/\/hiperfilme.com\/Site-TR\/catalogo-brindes\/viagem\/caixa-comprimidos-trizone-personalizada\/#primaryimage","inLanguage":"pt-PT","url":"https:\/\/hiperfilme.com\/Site-TR\/wp-content\/uploads\/2021\/01\/3283TR-e1610982261687.jpg","contentUrl":"https:\/\/hiperfilme.com\/Site-TR\/wp-content\/uploads\/2021\/01\/3283TR-e1610982261687.jpg","width":600,"height":600},{"@type":"WebPage","@id":"https:\/\/hiperfilme.com\/Site-TR\/catalogo-brindes\/viagem\/caixa-comprimidos-trizone-personalizada\/#webpage","url":"https:\/\/hiperfilme.com\/Site-TR\/catalogo-brindes\/viagem\/caixa-comprimidos-trizone-personalizada\/","name":"Caixa de Comprimidos Trizone para ser personalizada | Brindes online","isPartOf":{"@id":"https:\/\/hiperfilme.com\/Site-TR\/#website"},"primaryImageOfPage":{"@id":"https:\/\/hiperfilme.com\/Site-TR\/catalogo-brindes\/viagem\/caixa-comprimidos-trizone-personalizada\/#primaryimage"},"datePublished":"2021-01-18T15:07:37+00:00","dateModified":"2021-12-23T14:18:28+00:00","description":"Caixa de Comoprimidos 3 Conmpartimentos em PP .Facilita a toma di\u00e1ria da Medica\u00e7\u00e3o . Ideal para Personlizar .disponiv\u00e9l em 3 cores .","breadcrumb":{"@id":"https:\/\/hiperfilme.com\/Site-TR\/catalogo-brindes\/viagem\/caixa-comprimidos-trizone-personalizada\/#breadcrumb"},"inLanguage":"pt-PT","potentialAction":[{"@type":"ReadAction","target":["https:\/\/hiperfilme.com\/Site-TR\/catalogo-brindes\/viagem\/caixa-comprimidos-trizone-personalizada\/"]}]},{"@type":"BreadcrumbList","@id":"https:\/\/hiperfilme.com\/Site-TR\/catalogo-brindes\/viagem\/caixa-comprimidos-trizone-personalizada\/#breadcrumb","itemListElement":[{"@type":"ListItem","position":1,"name":"In\u00edcio","item":"https:\/\/hiperfilme.com\/Site-TR\/"},{"@type":"ListItem","position":2,"name":"Cat\u00e1logo de Brindes","item":"https:\/\/hiperfilme.com\/Site-TR\/catalogo-brindes\/"},{"@type":"ListItem","position":3,"name":"Caixa de Comprimidos Trizone para ser personalizada"}]}]}},"_links":{"self":[{"href":"https:\/\/hiperfilme.com\/Site-TR\/wp-json\/wp\/v2\/product\/3780"}],"collection":[{"href":"https:\/\/hiperfilme.com\/Site-TR\/wp-json\/wp\/v2\/product"}],"about":[{"href":"https:\/\/hiperfilme.com\/Site-TR\/wp-json\/wp\/v2\/types\/product"}],"wp:featuredmedia":[{"embeddable":true,"href":"https:\/\/hiperfilme.com\/Site-TR\/wp-json\/wp\/v2\/media\/3782"}],"wp:attachment":[{"href":"https:\/\/hiperfilme.com\/Site-TR\/wp-json\/wp\/v2\/media?parent=3780"}],"wp:term":[{"taxonomy":"product_cat","embeddable":true,"href":"https:\/\/hiperfilme.com\/Site-TR\/wp-json\/wp\/v2\/product_cat?post=3780"},{"taxonomy":"product_tag","embeddable":true,"href":"https:\/\/hiperfilme.com\/Site-TR\/wp-json\/wp\/v2\/product_tag?post=3780"}],"curies":[{"name":"wp","href":"https:\/\/api.w.org\/{rel}","templated":true}]}}