{"id":11894,"date":"2021-07-09T15:20:43","date_gmt":"2021-07-09T15:20:43","guid":{"rendered":"https:\/\/triangulorequintado.com\/?post_type=product&#038;p=11894"},"modified":"2021-07-09T15:20:43","modified_gmt":"2021-07-09T15:20:43","slug":"parka-alta-visibilidade-personalizar-2","status":"publish","type":"product","link":"https:\/\/hiperfilme.com\/Site-TR\/catalogo-brindes\/texteis\/alta-visibilidade\/parka-alta-visibilidade-personalizar-2\/","title":{"rendered":"Parka Alta Visibilidade para Personalizar"},"content":{"rendered":"<ul>\n<li>Material: Poli\u00e9ster<\/li>\n<li>Fecho-ecler central oculto com pala<\/li>\n<li>Pala central com bot\u00f5es autom\u00e1ticos<\/li>\n<li>Faixas refletoras no torso e manga<\/li>\n<li>Capuz oculto na zona interior do gola, ajust\u00e1vel com stopper<\/li>\n<li>Casa met\u00e1lica nas axilas para favorecer a transpirabilidade<\/li>\n<li>Punhos canelados<\/li>\n<li>Ajust\u00e1vel com stopper<\/li>\n<\/ul>\n","protected":false},"excerpt":{"rendered":"<p>Parka alta visibilidade para personalizar. Capuz oculto na zona interior do gola, ajust\u00e1vel com stopper. Com quatro bolsos.<\/p>\n<p>Valor apresentado para o Brinde n\u00e3o personalizado. Contacte-nos para or\u00e7amentos de personaliza\u00e7\u00e3o e vantagens na compra de grandes quantidades.<\/p>\n","protected":false},"featured_media":11895,"template":"","meta":[],"product_cat":[161,163,160],"product_tag":[],"yoast_head":"<!-- This site is optimized with the Yoast SEO plugin v17.8 - https:\/\/yoast.com\/wordpress\/plugins\/seo\/ -->\n<title>Parka Alta Visibilidade para Personalizar | Brindes Online<\/title>\n<meta name=\"description\" content=\"Parka alta visibilidade para personalizar. Capuz oculto na zona interior do gola, ajust\u00e1vel com stopper. Com quatro bolsos.\" \/>\n<meta name=\"robots\" content=\"index, follow, max-snippet:-1, max-image-preview:large, max-video-preview:-1\" \/>\n<link rel=\"canonical\" href=\"https:\/\/hiperfilme.com\/Site-TR\/catalogo-brindes\/texteis\/alta-visibilidade\/parka-alta-visibilidade-personalizar-2\/\" \/>\n<meta property=\"og:locale\" content=\"pt_PT\" \/>\n<meta property=\"og:type\" content=\"article\" \/>\n<meta property=\"og:title\" content=\"Parka Alta Visibilidade para Personalizar | Brindes Online\" \/>\n<meta property=\"og:description\" content=\"Parka alta visibilidade para personalizar. Capuz oculto na zona interior do gola, ajust\u00e1vel com stopper. Com quatro bolsos.\" \/>\n<meta property=\"og:url\" content=\"https:\/\/hiperfilme.com\/Site-TR\/catalogo-brindes\/texteis\/alta-visibilidade\/parka-alta-visibilidade-personalizar-2\/\" \/>\n<meta property=\"og:site_name\" content=\"Hiperfilme_TR\" \/>\n<meta property=\"og:image\" content=\"https:\/\/hiperfilme.com\/Site-TR\/wp-content\/uploads\/2021\/07\/PARKA-amarelo.jpg\" \/>\n\t<meta property=\"og:image:width\" content=\"740\" \/>\n\t<meta property=\"og:image:height\" content=\"740\" \/>\n<meta name=\"twitter:card\" content=\"summary_large_image\" \/>\n<script type=\"application\/ld+json\" class=\"yoast-schema-graph\">{\"@context\":\"https:\/\/schema.org\",\"@graph\":[{\"@type\":\"Organization\",\"@id\":\"https:\/\/hiperfilme.com\/Site-TR\/#organization\",\"name\":\"Triangulo Requintado\",\"url\":\"https:\/\/hiperfilme.com\/Site-TR\/\",\"sameAs\":[],\"logo\":{\"@type\":\"ImageObject\",\"@id\":\"https:\/\/hiperfilme.com\/Site-TR\/#logo\",\"inLanguage\":\"pt-PT\",\"url\":\"https:\/\/triangulorequintado.com\/wp-content\/uploads\/2020\/10\/logo-triangulo-requintado-color-248.png\",\"contentUrl\":\"https:\/\/triangulorequintado.com\/wp-content\/uploads\/2020\/10\/logo-triangulo-requintado-color-248.png\",\"width\":248,\"height\":96,\"caption\":\"Triangulo Requintado\"},\"image\":{\"@id\":\"https:\/\/hiperfilme.com\/Site-TR\/#logo\"}},{\"@type\":\"WebSite\",\"@id\":\"https:\/\/hiperfilme.com\/Site-TR\/#website\",\"url\":\"https:\/\/hiperfilme.com\/Site-TR\/\",\"name\":\"Triangulo Requintado\",\"description\":\"Estampagens e Brindes\",\"publisher\":{\"@id\":\"https:\/\/hiperfilme.com\/Site-TR\/#organization\"},\"potentialAction\":[{\"@type\":\"SearchAction\",\"target\":{\"@type\":\"EntryPoint\",\"urlTemplate\":\"https:\/\/hiperfilme.com\/Site-TR\/?s={search_term_string}\"},\"query-input\":\"required name=search_term_string\"}],\"inLanguage\":\"pt-PT\"},{\"@type\":\"ImageObject\",\"@id\":\"https:\/\/hiperfilme.com\/Site-TR\/catalogo-brindes\/texteis\/alta-visibilidade\/parka-alta-visibilidade-personalizar-2\/#primaryimage\",\"inLanguage\":\"pt-PT\",\"url\":\"https:\/\/hiperfilme.com\/Site-TR\/wp-content\/uploads\/2021\/07\/PARKA-amarelo.jpg\",\"contentUrl\":\"https:\/\/hiperfilme.com\/Site-TR\/wp-content\/uploads\/2021\/07\/PARKA-amarelo.jpg\",\"width\":740,\"height\":740},{\"@type\":\"WebPage\",\"@id\":\"https:\/\/hiperfilme.com\/Site-TR\/catalogo-brindes\/texteis\/alta-visibilidade\/parka-alta-visibilidade-personalizar-2\/#webpage\",\"url\":\"https:\/\/hiperfilme.com\/Site-TR\/catalogo-brindes\/texteis\/alta-visibilidade\/parka-alta-visibilidade-personalizar-2\/\",\"name\":\"Parka Alta Visibilidade para Personalizar | Brindes Online\",\"isPartOf\":{\"@id\":\"https:\/\/hiperfilme.com\/Site-TR\/#website\"},\"primaryImageOfPage\":{\"@id\":\"https:\/\/hiperfilme.com\/Site-TR\/catalogo-brindes\/texteis\/alta-visibilidade\/parka-alta-visibilidade-personalizar-2\/#primaryimage\"},\"datePublished\":\"2021-07-09T15:20:43+00:00\",\"dateModified\":\"2021-07-09T15:20:43+00:00\",\"description\":\"Parka alta visibilidade para personalizar. Capuz oculto na zona interior do gola, ajust\\u00e1vel com stopper. Com quatro bolsos.\",\"breadcrumb\":{\"@id\":\"https:\/\/hiperfilme.com\/Site-TR\/catalogo-brindes\/texteis\/alta-visibilidade\/parka-alta-visibilidade-personalizar-2\/#breadcrumb\"},\"inLanguage\":\"pt-PT\",\"potentialAction\":[{\"@type\":\"ReadAction\",\"target\":[\"https:\/\/hiperfilme.com\/Site-TR\/catalogo-brindes\/texteis\/alta-visibilidade\/parka-alta-visibilidade-personalizar-2\/\"]}]},{\"@type\":\"BreadcrumbList\",\"@id\":\"https:\/\/hiperfilme.com\/Site-TR\/catalogo-brindes\/texteis\/alta-visibilidade\/parka-alta-visibilidade-personalizar-2\/#breadcrumb\",\"itemListElement\":[{\"@type\":\"ListItem\",\"position\":1,\"name\":\"In\\u00edcio\",\"item\":\"https:\/\/hiperfilme.com\/Site-TR\/\"},{\"@type\":\"ListItem\",\"position\":2,\"name\":\"Cat\\u00e1logo de Brindes\",\"item\":\"https:\/\/hiperfilme.com\/Site-TR\/catalogo-brindes\/\"},{\"@type\":\"ListItem\",\"position\":3,\"name\":\"Parka Alta Visibilidade para Personalizar\"}]}]}<\/script>\n<!-- \/ Yoast SEO plugin. -->","yoast_head_json":{"title":"Parka Alta Visibilidade para Personalizar | Brindes Online","description":"Parka alta visibilidade para personalizar. Capuz oculto na zona interior do gola, ajust\u00e1vel com stopper. Com quatro bolsos.","robots":{"index":"index","follow":"follow","max-snippet":"max-snippet:-1","max-image-preview":"max-image-preview:large","max-video-preview":"max-video-preview:-1"},"canonical":"https:\/\/hiperfilme.com\/Site-TR\/catalogo-brindes\/texteis\/alta-visibilidade\/parka-alta-visibilidade-personalizar-2\/","og_locale":"pt_PT","og_type":"article","og_title":"Parka Alta Visibilidade para Personalizar | Brindes Online","og_description":"Parka alta visibilidade para personalizar. Capuz oculto na zona interior do gola, ajust\u00e1vel com stopper. Com quatro bolsos.","og_url":"https:\/\/hiperfilme.com\/Site-TR\/catalogo-brindes\/texteis\/alta-visibilidade\/parka-alta-visibilidade-personalizar-2\/","og_site_name":"Hiperfilme_TR","og_image":[{"width":740,"height":740,"url":"https:\/\/hiperfilme.com\/Site-TR\/wp-content\/uploads\/2021\/07\/PARKA-amarelo.jpg","type":"image\/jpeg"}],"twitter_card":"summary_large_image","schema":{"@context":"https:\/\/schema.org","@graph":[{"@type":"Organization","@id":"https:\/\/hiperfilme.com\/Site-TR\/#organization","name":"Triangulo Requintado","url":"https:\/\/hiperfilme.com\/Site-TR\/","sameAs":[],"logo":{"@type":"ImageObject","@id":"https:\/\/hiperfilme.com\/Site-TR\/#logo","inLanguage":"pt-PT","url":"https:\/\/triangulorequintado.com\/wp-content\/uploads\/2020\/10\/logo-triangulo-requintado-color-248.png","contentUrl":"https:\/\/triangulorequintado.com\/wp-content\/uploads\/2020\/10\/logo-triangulo-requintado-color-248.png","width":248,"height":96,"caption":"Triangulo Requintado"},"image":{"@id":"https:\/\/hiperfilme.com\/Site-TR\/#logo"}},{"@type":"WebSite","@id":"https:\/\/hiperfilme.com\/Site-TR\/#website","url":"https:\/\/hiperfilme.com\/Site-TR\/","name":"Triangulo Requintado","description":"Estampagens e Brindes","publisher":{"@id":"https:\/\/hiperfilme.com\/Site-TR\/#organization"},"potentialAction":[{"@type":"SearchAction","target":{"@type":"EntryPoint","urlTemplate":"https:\/\/hiperfilme.com\/Site-TR\/?s={search_term_string}"},"query-input":"required name=search_term_string"}],"inLanguage":"pt-PT"},{"@type":"ImageObject","@id":"https:\/\/hiperfilme.com\/Site-TR\/catalogo-brindes\/texteis\/alta-visibilidade\/parka-alta-visibilidade-personalizar-2\/#primaryimage","inLanguage":"pt-PT","url":"https:\/\/hiperfilme.com\/Site-TR\/wp-content\/uploads\/2021\/07\/PARKA-amarelo.jpg","contentUrl":"https:\/\/hiperfilme.com\/Site-TR\/wp-content\/uploads\/2021\/07\/PARKA-amarelo.jpg","width":740,"height":740},{"@type":"WebPage","@id":"https:\/\/hiperfilme.com\/Site-TR\/catalogo-brindes\/texteis\/alta-visibilidade\/parka-alta-visibilidade-personalizar-2\/#webpage","url":"https:\/\/hiperfilme.com\/Site-TR\/catalogo-brindes\/texteis\/alta-visibilidade\/parka-alta-visibilidade-personalizar-2\/","name":"Parka Alta Visibilidade para Personalizar | Brindes Online","isPartOf":{"@id":"https:\/\/hiperfilme.com\/Site-TR\/#website"},"primaryImageOfPage":{"@id":"https:\/\/hiperfilme.com\/Site-TR\/catalogo-brindes\/texteis\/alta-visibilidade\/parka-alta-visibilidade-personalizar-2\/#primaryimage"},"datePublished":"2021-07-09T15:20:43+00:00","dateModified":"2021-07-09T15:20:43+00:00","description":"Parka alta visibilidade para personalizar. Capuz oculto na zona interior do gola, ajust\u00e1vel com stopper. Com quatro bolsos.","breadcrumb":{"@id":"https:\/\/hiperfilme.com\/Site-TR\/catalogo-brindes\/texteis\/alta-visibilidade\/parka-alta-visibilidade-personalizar-2\/#breadcrumb"},"inLanguage":"pt-PT","potentialAction":[{"@type":"ReadAction","target":["https:\/\/hiperfilme.com\/Site-TR\/catalogo-brindes\/texteis\/alta-visibilidade\/parka-alta-visibilidade-personalizar-2\/"]}]},{"@type":"BreadcrumbList","@id":"https:\/\/hiperfilme.com\/Site-TR\/catalogo-brindes\/texteis\/alta-visibilidade\/parka-alta-visibilidade-personalizar-2\/#breadcrumb","itemListElement":[{"@type":"ListItem","position":1,"name":"In\u00edcio","item":"https:\/\/hiperfilme.com\/Site-TR\/"},{"@type":"ListItem","position":2,"name":"Cat\u00e1logo de Brindes","item":"https:\/\/hiperfilme.com\/Site-TR\/catalogo-brindes\/"},{"@type":"ListItem","position":3,"name":"Parka Alta Visibilidade para Personalizar"}]}]}},"_links":{"self":[{"href":"https:\/\/hiperfilme.com\/Site-TR\/wp-json\/wp\/v2\/product\/11894"}],"collection":[{"href":"https:\/\/hiperfilme.com\/Site-TR\/wp-json\/wp\/v2\/product"}],"about":[{"href":"https:\/\/hiperfilme.com\/Site-TR\/wp-json\/wp\/v2\/types\/product"}],"wp:featuredmedia":[{"embeddable":true,"href":"https:\/\/hiperfilme.com\/Site-TR\/wp-json\/wp\/v2\/media\/11895"}],"wp:attachment":[{"href":"https:\/\/hiperfilme.com\/Site-TR\/wp-json\/wp\/v2\/media?parent=11894"}],"wp:term":[{"taxonomy":"product_cat","embeddable":true,"href":"https:\/\/hiperfilme.com\/Site-TR\/wp-json\/wp\/v2\/product_cat?post=11894"},{"taxonomy":"product_tag","embeddable":true,"href":"https:\/\/hiperfilme.com\/Site-TR\/wp-json\/wp\/v2\/product_tag?post=11894"}],"curies":[{"name":"wp","href":"https:\/\/api.w.org\/{rel}","templated":true}]}}