{"id":2323,"date":"2020-10-28T02:09:43","date_gmt":"2020-10-28T02:09:43","guid":{"rendered":"http:\/\/localhost:8888\/?page_id=2323"},"modified":"2023-03-01T16:34:07","modified_gmt":"2023-03-01T16:34:07","slug":"contactos","status":"publish","type":"page","link":"https:\/\/hiperfilme.com\/Site-TR\/empresa-brindes-personalizados\/contactos\/","title":{"rendered":"Contactos"},"content":{"rendered":"<p>[vc_row css=&#8221;.vc_custom_1563266106221{padding-top: 5% !important;padding-bottom: 4% !important;}&#8221;][vc_column width=&#8221;1\/2&#8243;]<div id=\"kapee-header-81904\" class=\"kapee-element kapee-heading text-left kapee-width-100 separator-none separator-between-heading\">\t\r\n\t\t\t\r\n\t\t\t<div class=\"heading-wrap\">\r\n\t\t\t<span class=\"separator-left\"><\/span>\r\n\t\t\t<h2 class=\"heading-title\">Brindes Personalizados? <\/h2>\t\t\t<span class=\"separator-right\"><\/span>\r\n\t\t\t\t\t<\/div>\r\n\t\t\r\n    \t\t<div class=\"heading-tagline\"> Somos especialistas em Brindes Personalizados para Empresas <\/div>\r\n\t<\/div>[\/vc_column][vc_column width=&#8221;1\/2&#8243;]<div id=\"kapee-header-50607\" class=\"kapee-element kapee-heading text-left kapee-width-100 separator-none separator-between-heading\">\t\r\n\t\t\t\r\n\t\t\t<div class=\"heading-wrap\">\r\n\t\t\t<span class=\"separator-left\"><\/span>\r\n\t\t\t<h3 class=\"heading-title\">Sobre N\u00f3s <\/h3>\t\t\t<span class=\"separator-right\"><\/span>\r\n\t\t\t\t\t<\/div>\r\n\t\t\r\n    \t\t<div class=\"heading-tagline\"> Com a Hiperfilme encontra um fornecedor de brindes para personalizar. Temos a loja de Brindes Publicit\u00e1rios em Lisboa e uma representa\u00e7\u00e3o atrav\u00e9s de parceiros em todos o pa\u00eds. Esteja onde estiver a dist\u00e2ncia n\u00e3o \u00e9 um problema para n\u00f3s. <\/div>\r\n\t<\/div><div id=\"kapee-header-14228\" class=\"kapee-element kapee-heading  vc_custom_1604451450346 text-left kapee-width-100 separator-none separator-between-heading\">\t\r\n\t\t\t\r\n\t\t\t<div class=\"heading-wrap\">\r\n\t\t\t<span class=\"separator-left\"><\/span>\r\n\t\t\t<h3 class=\"heading-title\">Contactos <\/h3>\t\t\t<span class=\"separator-right\"><\/span>\r\n\t\t\t\t\t<\/div>\r\n\t\t\r\n    <\/div><div id=\"kapee-info-box-89189\" class=\"kapee-element kapee-info-box icon-effect-none icon-custom icon-left color-scheme-inherit hover-color-scheme-inherit  vc_custom_1677688167694\">\r\n\t<div class=\"info-box-wrap\"  >\r\n\t\t<div class=\"box-icon-wrap\">\r\n\t\t\t\t\t\t\t<div class=\"info-box-icon\"><i class=\"fas fa-home \" aria-hidden=\"true\"><\/i><\/div>\r\n\t\t\t\t\t<\/div>\r\n\t\t<div class=\"info-box-content\">\t\t\t\r\n\t\t\t\t\t\t\t<div class=\"info-box-title mb\" >\t\t\t\t\r\n\t\t\t\t\t<span><strong>Morada: <\/strong> N\u00facleo Emp. Cora\u00e7\u00e3o da Crel, Arm. Q. \u2013 Estrada de Pit\u00e9, 2660-194 Sto. Ant\u00e3o do Tojal<\/span>\t\t\t\t\t\r\n\t\t\t\t<\/div>\r\n\t\t\t\t\t\t\t\t<\/div>\r\n\t<\/div>\r\n\t<\/div><div id=\"kapee-info-box-42494\" class=\"kapee-element kapee-info-box icon-effect-none icon-custom icon-left color-scheme-inherit hover-color-scheme-inherit  vc_custom_1677688193856\">\r\n\t<div class=\"info-box-wrap\"  >\r\n\t\t<div class=\"box-icon-wrap\">\r\n\t\t\t\t\t\t\t<div class=\"info-box-icon\"><i class=\"fas fa-phone \" aria-hidden=\"true\"><\/i><\/div>\r\n\t\t\t\t\t<\/div>\r\n\t\t<div class=\"info-box-content\">\t\t\t\r\n\t\t\t\t\t\t\t<div class=\"info-box-title mb\" >\t\t\t\t\r\n\t\t\t\t\t<span><strong>Telefone: <\/strong> 21 931 88 49 (chamada para rede fixa nacional)<\/span>\t\t\t\t\t\r\n\t\t\t\t<\/div>\r\n\t\t\t\t\t\t\t\t<\/div>\r\n\t<\/div>\r\n\t<\/div><div id=\"kapee-info-box-73917\" class=\"kapee-element kapee-info-box icon-effect-none icon-custom icon-left color-scheme-inherit hover-color-scheme-inherit  vc_custom_1677688437584\">\r\n\t<div class=\"info-box-wrap\"  >\r\n\t\t<div class=\"box-icon-wrap\">\r\n\t\t\t\t\t\t\t<div class=\"info-box-icon\"><i class=\"fas fa-envelope \" aria-hidden=\"true\"><\/i><\/div>\r\n\t\t\t\t\t<\/div>\r\n\t\t<div class=\"info-box-content\">\t\t\t\r\n\t\t\t\t\t\t\t<div class=\"info-box-title mb\" >\t\t\t\t\r\n\t\t\t\t\t<span><strong>Email: <\/strong>  geral@hiperfilme.com<\/span>\t\t\t\t\t\r\n\t\t\t\t<\/div>\r\n\t\t\t\t\t\t\t\t<\/div>\r\n\t<\/div>\r\n\t<\/div><div id=\"kapee-header-50967\" class=\"kapee-element kapee-heading  vc_custom_1604451831095 text-left kapee-width-100 separator-none separator-between-heading\">\t\r\n\t\t\t\r\n\t\t\t<div class=\"heading-wrap\">\r\n\t\t\t<span class=\"separator-left\"><\/span>\r\n\t\t\t<h3 class=\"heading-title\">Hor\u00e1rio <\/h3>\t\t\t<span class=\"separator-right\"><\/span>\r\n\t\t\t\t\t<\/div>\r\n\t\t\r\n    <\/div><div id=\"kapee-list-4719\" class=\"kapee-element kapee-list list-type-icon list-style-default list-size-medium  vc_custom_1604451865711\">\r\n\t<ul>\r\n\t\t\t\t\t<li>\r\n\t\t\t\t\t\t\t\t\t<span class=\"list-icon\">\r\n\t\t\t\t\t\t<i class=\"fa fa-clock-o \" aria-hidden=\"true\"><\/i>\t\t\t\t\t<\/span>\r\n\t\t\t\t\t\t\t\t\t<span class=\"list-content\"> Seg - Sex \/ 9:00 - 18:00<\/span>\r\n\t\t\t\t\t\t\t<\/li>\r\n\t\t\t<\/ul>\r\n<\/div>[\/vc_column][\/vc_row]<\/p>\n","protected":false},"excerpt":{"rendered":"<p>[vc_row css=&#8221;.vc_custom_1563266106221{padding-top: 5% !important;padding-bottom: 4% !important;}&#8221;][vc_column width=&#8221;1\/2&#8243;][\/vc_column][vc_column width=&#8221;1\/2&#8243;][\/vc_column][\/vc_row]<\/p>\n","protected":false},"author":57,"featured_media":0,"parent":2320,"menu_order":0,"comment_status":"closed","ping_status":"closed","template":"","meta":[],"yoast_head":"<!-- This site is optimized with the Yoast SEO plugin v17.8 - https:\/\/yoast.com\/wordpress\/plugins\/seo\/ -->\n<title>Contactos - Hiperfilme_TR<\/title>\n<meta name=\"description\" content=\"Com a Tri\u00e2ngulo Requintado encontra um fornecedor de brindes para personalizar. Temos a loja de Brindes Publicit\u00e1rios em Lisboa e uma representa\u00e7\u00e3o atrav\u00e9s de parceiros em todos o pa\u00eds. Esteja onde estiver a dist\u00e2ncia n\u00e3o \u00e9 um problema para n\u00f3s.\" \/>\n<meta name=\"robots\" content=\"index, follow, max-snippet:-1, max-image-preview:large, max-video-preview:-1\" \/>\n<link rel=\"canonical\" href=\"https:\/\/hiperfilme.com\/Site-TR\/empresa-brindes-personalizados\/contactos\/\" \/>\n<meta property=\"og:locale\" content=\"pt_PT\" \/>\n<meta property=\"og:type\" content=\"article\" \/>\n<meta property=\"og:title\" content=\"Contactos - Hiperfilme_TR\" \/>\n<meta property=\"og:description\" content=\"Com a Tri\u00e2ngulo Requintado encontra um fornecedor de brindes para personalizar. Temos a loja de Brindes Publicit\u00e1rios em Lisboa e uma representa\u00e7\u00e3o atrav\u00e9s de parceiros em todos o pa\u00eds. Esteja onde estiver a dist\u00e2ncia n\u00e3o \u00e9 um problema para n\u00f3s.\" \/>\n<meta property=\"og:url\" content=\"https:\/\/hiperfilme.com\/Site-TR\/empresa-brindes-personalizados\/contactos\/\" \/>\n<meta property=\"og:site_name\" content=\"Hiperfilme_TR\" \/>\n<meta property=\"article:modified_time\" content=\"2023-03-01T16:34:07+00:00\" \/>\n<meta name=\"twitter:card\" content=\"summary_large_image\" \/>\n<meta name=\"twitter:label1\" content=\"Tempo estimado de leitura\" \/>\n\t<meta name=\"twitter:data1\" content=\"2 minutos\" \/>\n<script type=\"application\/ld+json\" class=\"yoast-schema-graph\">{\"@context\":\"https:\/\/schema.org\",\"@graph\":[{\"@type\":\"Organization\",\"@id\":\"https:\/\/hiperfilme.com\/Site-TR\/#organization\",\"name\":\"Triangulo Requintado\",\"url\":\"https:\/\/hiperfilme.com\/Site-TR\/\",\"sameAs\":[],\"logo\":{\"@type\":\"ImageObject\",\"@id\":\"https:\/\/hiperfilme.com\/Site-TR\/#logo\",\"inLanguage\":\"pt-PT\",\"url\":\"https:\/\/triangulorequintado.com\/wp-content\/uploads\/2020\/10\/logo-triangulo-requintado-color-248.png\",\"contentUrl\":\"https:\/\/triangulorequintado.com\/wp-content\/uploads\/2020\/10\/logo-triangulo-requintado-color-248.png\",\"width\":248,\"height\":96,\"caption\":\"Triangulo Requintado\"},\"image\":{\"@id\":\"https:\/\/hiperfilme.com\/Site-TR\/#logo\"}},{\"@type\":\"WebSite\",\"@id\":\"https:\/\/hiperfilme.com\/Site-TR\/#website\",\"url\":\"https:\/\/hiperfilme.com\/Site-TR\/\",\"name\":\"Triangulo Requintado\",\"description\":\"Estampagens e Brindes\",\"publisher\":{\"@id\":\"https:\/\/hiperfilme.com\/Site-TR\/#organization\"},\"potentialAction\":[{\"@type\":\"SearchAction\",\"target\":{\"@type\":\"EntryPoint\",\"urlTemplate\":\"https:\/\/hiperfilme.com\/Site-TR\/?s={search_term_string}\"},\"query-input\":\"required name=search_term_string\"}],\"inLanguage\":\"pt-PT\"},{\"@type\":\"WebPage\",\"@id\":\"https:\/\/hiperfilme.com\/Site-TR\/empresa-brindes-personalizados\/contactos\/#webpage\",\"url\":\"https:\/\/hiperfilme.com\/Site-TR\/empresa-brindes-personalizados\/contactos\/\",\"name\":\"Contactos - Hiperfilme_TR\",\"isPartOf\":{\"@id\":\"https:\/\/hiperfilme.com\/Site-TR\/#website\"},\"datePublished\":\"2020-10-28T02:09:43+00:00\",\"dateModified\":\"2023-03-01T16:34:07+00:00\",\"description\":\"Com a Tri\\u00e2ngulo Requintado encontra um fornecedor de brindes para personalizar. Temos a loja de Brindes Publicit\\u00e1rios em Lisboa e uma representa\\u00e7\\u00e3o atrav\\u00e9s de parceiros em todos o pa\\u00eds. Esteja onde estiver a dist\\u00e2ncia n\\u00e3o \\u00e9 um problema para n\\u00f3s.\",\"breadcrumb\":{\"@id\":\"https:\/\/hiperfilme.com\/Site-TR\/empresa-brindes-personalizados\/contactos\/#breadcrumb\"},\"inLanguage\":\"pt-PT\",\"potentialAction\":[{\"@type\":\"ReadAction\",\"target\":[\"https:\/\/hiperfilme.com\/Site-TR\/empresa-brindes-personalizados\/contactos\/\"]}]},{\"@type\":\"BreadcrumbList\",\"@id\":\"https:\/\/hiperfilme.com\/Site-TR\/empresa-brindes-personalizados\/contactos\/#breadcrumb\",\"itemListElement\":[{\"@type\":\"ListItem\",\"position\":1,\"name\":\"In\\u00edcio\",\"item\":\"https:\/\/hiperfilme.com\/Site-TR\/\"},{\"@type\":\"ListItem\",\"position\":2,\"name\":\"Empresa de Brindes Personalizados\",\"item\":\"https:\/\/hiperfilme.com\/Site-TR\/empresa-brindes-personalizados\/\"},{\"@type\":\"ListItem\",\"position\":3,\"name\":\"Contactos\"}]}]}<\/script>\n<!-- \/ Yoast SEO plugin. -->","yoast_head_json":{"title":"Contactos - Hiperfilme_TR","description":"Com a Tri\u00e2ngulo Requintado encontra um fornecedor de brindes para personalizar. Temos a loja de Brindes Publicit\u00e1rios em Lisboa e uma representa\u00e7\u00e3o atrav\u00e9s de parceiros em todos o pa\u00eds. Esteja onde estiver a dist\u00e2ncia n\u00e3o \u00e9 um problema para n\u00f3s.","robots":{"index":"index","follow":"follow","max-snippet":"max-snippet:-1","max-image-preview":"max-image-preview:large","max-video-preview":"max-video-preview:-1"},"canonical":"https:\/\/hiperfilme.com\/Site-TR\/empresa-brindes-personalizados\/contactos\/","og_locale":"pt_PT","og_type":"article","og_title":"Contactos - Hiperfilme_TR","og_description":"Com a Tri\u00e2ngulo Requintado encontra um fornecedor de brindes para personalizar. Temos a loja de Brindes Publicit\u00e1rios em Lisboa e uma representa\u00e7\u00e3o atrav\u00e9s de parceiros em todos o pa\u00eds. Esteja onde estiver a dist\u00e2ncia n\u00e3o \u00e9 um problema para n\u00f3s.","og_url":"https:\/\/hiperfilme.com\/Site-TR\/empresa-brindes-personalizados\/contactos\/","og_site_name":"Hiperfilme_TR","article_modified_time":"2023-03-01T16:34:07+00:00","twitter_card":"summary_large_image","twitter_misc":{"Tempo estimado de leitura":"2 minutos"},"schema":{"@context":"https:\/\/schema.org","@graph":[{"@type":"Organization","@id":"https:\/\/hiperfilme.com\/Site-TR\/#organization","name":"Triangulo Requintado","url":"https:\/\/hiperfilme.com\/Site-TR\/","sameAs":[],"logo":{"@type":"ImageObject","@id":"https:\/\/hiperfilme.com\/Site-TR\/#logo","inLanguage":"pt-PT","url":"https:\/\/triangulorequintado.com\/wp-content\/uploads\/2020\/10\/logo-triangulo-requintado-color-248.png","contentUrl":"https:\/\/triangulorequintado.com\/wp-content\/uploads\/2020\/10\/logo-triangulo-requintado-color-248.png","width":248,"height":96,"caption":"Triangulo Requintado"},"image":{"@id":"https:\/\/hiperfilme.com\/Site-TR\/#logo"}},{"@type":"WebSite","@id":"https:\/\/hiperfilme.com\/Site-TR\/#website","url":"https:\/\/hiperfilme.com\/Site-TR\/","name":"Triangulo Requintado","description":"Estampagens e Brindes","publisher":{"@id":"https:\/\/hiperfilme.com\/Site-TR\/#organization"},"potentialAction":[{"@type":"SearchAction","target":{"@type":"EntryPoint","urlTemplate":"https:\/\/hiperfilme.com\/Site-TR\/?s={search_term_string}"},"query-input":"required name=search_term_string"}],"inLanguage":"pt-PT"},{"@type":"WebPage","@id":"https:\/\/hiperfilme.com\/Site-TR\/empresa-brindes-personalizados\/contactos\/#webpage","url":"https:\/\/hiperfilme.com\/Site-TR\/empresa-brindes-personalizados\/contactos\/","name":"Contactos - Hiperfilme_TR","isPartOf":{"@id":"https:\/\/hiperfilme.com\/Site-TR\/#website"},"datePublished":"2020-10-28T02:09:43+00:00","dateModified":"2023-03-01T16:34:07+00:00","description":"Com a Tri\u00e2ngulo Requintado encontra um fornecedor de brindes para personalizar. Temos a loja de Brindes Publicit\u00e1rios em Lisboa e uma representa\u00e7\u00e3o atrav\u00e9s de parceiros em todos o pa\u00eds. Esteja onde estiver a dist\u00e2ncia n\u00e3o \u00e9 um problema para n\u00f3s.","breadcrumb":{"@id":"https:\/\/hiperfilme.com\/Site-TR\/empresa-brindes-personalizados\/contactos\/#breadcrumb"},"inLanguage":"pt-PT","potentialAction":[{"@type":"ReadAction","target":["https:\/\/hiperfilme.com\/Site-TR\/empresa-brindes-personalizados\/contactos\/"]}]},{"@type":"BreadcrumbList","@id":"https:\/\/hiperfilme.com\/Site-TR\/empresa-brindes-personalizados\/contactos\/#breadcrumb","itemListElement":[{"@type":"ListItem","position":1,"name":"In\u00edcio","item":"https:\/\/hiperfilme.com\/Site-TR\/"},{"@type":"ListItem","position":2,"name":"Empresa de Brindes Personalizados","item":"https:\/\/hiperfilme.com\/Site-TR\/empresa-brindes-personalizados\/"},{"@type":"ListItem","position":3,"name":"Contactos"}]}]}},"_links":{"self":[{"href":"https:\/\/hiperfilme.com\/Site-TR\/wp-json\/wp\/v2\/pages\/2323"}],"collection":[{"href":"https:\/\/hiperfilme.com\/Site-TR\/wp-json\/wp\/v2\/pages"}],"about":[{"href":"https:\/\/hiperfilme.com\/Site-TR\/wp-json\/wp\/v2\/types\/page"}],"author":[{"embeddable":true,"href":"https:\/\/hiperfilme.com\/Site-TR\/wp-json\/wp\/v2\/users\/57"}],"replies":[{"embeddable":true,"href":"https:\/\/hiperfilme.com\/Site-TR\/wp-json\/wp\/v2\/comments?post=2323"}],"version-history":[{"count":9,"href":"https:\/\/hiperfilme.com\/Site-TR\/wp-json\/wp\/v2\/pages\/2323\/revisions"}],"predecessor-version":[{"id":13878,"href":"https:\/\/hiperfilme.com\/Site-TR\/wp-json\/wp\/v2\/pages\/2323\/revisions\/13878"}],"up":[{"embeddable":true,"href":"https:\/\/hiperfilme.com\/Site-TR\/wp-json\/wp\/v2\/pages\/2320"}],"wp:attachment":[{"href":"https:\/\/hiperfilme.com\/Site-TR\/wp-json\/wp\/v2\/media?parent=2323"}],"curies":[{"name":"wp","href":"https:\/\/api.w.org\/{rel}","templated":true}]}}